 (base 14) to base 12.
-1147
-1101101 (base 2) to base 6
-301
dca (base 15) to base 10
3115
What is 12c44 (base 13) in base 16?
88df
Convert -59a6 (base 13) to base 16.
-3162
Convert 881 (base 9) to base 5.
10341
Convert 1011110010011 (base 2) to base 13.
2993
99 (base 13) to base 7
240
1a66 (base 14) to base 9
6516
459b (base 16) to base 14
66cb
What is -24a (base 14) in base 12?
-322
What is 2201 (base 6) in base 8?
771
Convert -1040330 (base 5) to base 3.
-220222122
Convert 4c3a (base 16) to base 12.
b362
Convert -283 (base 13) to base 4.
-12331
Convert 1233 (base 5) to base 14.
db
Convert -14331 (base 5) to base 13.
-727
What is -9786 (base 10) in base 3?
-111102110
Convert 2a8 (base 12) to base 13.
260
What is 20240 (base 6) in base 11?
2024
Convert -fe (base 16) to base 5.
-2004
Convert 10343 (base 7) to base 2.
101000010011
-55198 (base 10) to base 2
-1101011110011110
3c6 (base 14) to base 6
3310
-697 (base 11) to base 12
-594
1bb (base 15) to base 8
621
Convert 967 (base 10) to base 4.
33013
Convert -3023031 (base 5) to base 10.
-48516
What is -2021112 (base 3) in base 5?
-23121
Convert -20736 (base 9) to base 7.
-55002
What is -4c (base 14) in base 13?
-53
-4379 (base 11) to base 2
-1011010001101
What is 52450 (base 11) in base 12?
38272
Convert 1332414 (base 5) to base 10.
27234
Convert -1857 (base 9) to base 12.
-9b1
What is 9ce (base 16) in base 5?
40020
4665 (base 10) to base 4
1020321
What is -1972a (base 11) in base 9?
-41644
-17485 (base 14) to base 15
-1251a
-11110112 (base 3) to base 12
-1a72
-1010000001 (base 2) to base 8
-1201
What is 2811 (base 9) in base 3?
2220101
1331a (base 16) to base 3
10222211210
Convert -294c (base 15) to base 4.
-2022033
Convert 1110010001010 (base 2) to base 5.
213211
What is -b6 (base 15) in base 11?
-146
-559e (base 15) to base 14
-6885
Convert 302101 (base 4) to base 13.
1606
Convert 697e (base 15) to base 16.
577a
-1606 (base 9) to base 7
-3363
What is 24333 (base 6) in base 8?
7001
Convert -3000 (base 6) to base 14.
-344
What is 19b1 (base 16) in base 11?
4a3a
What is cd6 (base 14) in base 9?
3432
Convert -2032012 (base 4) to base 10.
-9094
What is -691 (base 12) in base 8?
-1715
211 (base 14) to base 7
1121
Convert -19b30 (base 13) to base 2.
-1100010000111000
What is -1356 (base 7) in base 10?
-531
Convert 20112 (base 5) to base 15.
5a7
-25003 (base 6) to base 15
-1150
Convert 102221 (base 5) to base 16.
d6c
-36c (base 15) to base 8
-1411
598 (base 11) to base 10
712
Convert 33222 (base 6) to base 15.
1582
263602 (base 7) to base 13
195ca
What is 1121111 (base 3) in base 4?
102112
-429c (base 16) to base 13
-79b9
4115 (base 14) to base 10
11191
What is -14334 (base 5) in base 10?
-1219
320223 (base 4) to base 13
1860
Convert -27880 (base 12) to base 7.
-315546
-10532 (base 6) to base 13
-8b1
Convert d2b (base 16) to base 12.
1b4b
What is -1100000110101 (base 2) in base 6?
-44405
What is 305505 (base 6) in base 4?
12000101
Convert 1aba6 (base 12) to base 15.
bb86
Convert 51645 (base 7) to base 5.
401200
-1112 (base 12) to base 4
-131132
Convert 1166 (base 9) to base 11.
721
-2904 (base 11) to base 2
-111010101011
d95 (base 14) to base 15
bd9
What is 3616 (base 11) in base 9?
6442
1321 (base 7) to base 13
2cb
-10605 (base 7) to base 11
-2035
What is 11002 (base 3) in base 6?
302
What is -100111011110 (base 2) in base 15?
-b36
What is -3211 (base 5) in base 16?
-1af
Convert -153a (base 15) to base 2.
-1000111001011
What is 23011 (base 4) in base 12?
4b1
-613 (base 14) to base 9
-1565
-10120 (base 7) to base 15
-ae4
201246 (base 8) to base 16
102a6
Convert -3044 (base 5) to base 13.
-249
-122 (base 9) to base 5
-401
164 (base 12) to base 14
11a
-1a11 (base 15) to base 4
-1120021
What is 4401 (base 10) in base 16?
1131
-202302 (base 4) to base 3
-10001110
-3142 (base 6) to base 15
-325
22113 (base 5) to base 15
6c3
What is 5897 (base 12) in base 7?
40612
What is 35a6 (base 12) in base 6?
43530
Convert -312 (base 13) to base 4.
-20022
Convert 1323320 (base 6) to base 12.
36540
1998 (base 10) to base 3
2202000
Convert 10b69 (base 16) to base 11.
47484
Convert 1000101111 (base 2) to base 14.
2bd
Convert -14306 (base 11) to base 4.
-10331232
What is 131013 (base 4) in base 14?
971
Convert 1244 (base 9) to base 15.
421
Convert -860 (base 11) to base 16.
-40a
What is -212222112 (base 3) in base 4?
-10101023
Convert 1011210 (base 3) to base 15.
3c3
What is -30632 (base 8) in base 10?
-12698
What is -1ac7 (base 13) in base 6?
-30430
Convert 123 (base 5) to base 9.
42
Convert 1101001011110 (base 2) to base 7.
25452
What is 13031031 (base 4) in base 5?
1421032
-1111010001 (base 2) to base 9
-1305
Convert -1012111100 (base 3) to base 2.
-101110010001000
Convert 429 (base 14) to base 16.
335
What is 2100222 (base 4) in base 15?
2b23
1010111111100 (base 2) to base 5
140003
Convert 1324 (base 5) to base 7.
424
Convert 3403 (base 7) to base 16.
4cc
-1137 (base 12) to base 2
-11101111011
Convert 1386 (base 13) to base 2.
101011111110
What is 3188 (base 16) in base 11?
9588
-322412 (base 5) to base 4
-2223212
What is -110b7 (base 12) in base 3?
-1011000011
-901 (base 12) to base 6
-10001
-7a8 (base 13) to base 8
-2451
2720 (base 8) to base 4
113100
What is 14232 (base 8) in base 3?
22122021
6cc1 (base 14) to base 8
45051
What is 2370 (base 15) in base 3?
101022220
Convert 21121 (base 3) to base 2.
11001101
-205 (base 10) to base 9
-247
What is 10000110100 (base 2) in base 10?
1076
What is -3733 (base 8) in base 16?
-7db
-11064 (base 7) to base 16
-ae6
What is 201100 (base 3) in base 8?
1012
Convert 100001010010 (base 2) to base 4.
201102
7447 (base 9) to base 2
1010101011110
14441 (base 6) to base 3
10012021
-122002 (base 3) to base 16
-1cd
-1157 (base 8) to base 9
-762
What is -10010011100010 (base 2) in base 11?
-7104
-120 (base 10) to base 6
-320
What is 3633 (base 8) in base 10?
1947
Convert -1442 (base 8) to base 4.
-30202
Convert -213240 (base 5) to base 14.
-294c
Convert -21260 (base 7) to base 5.
-132120
What is -13000 (base 4) in base 8?
-700
What is -210222111 (base 3) in base 10?
-16024
Convert -13322 (base 7) to base 11.
-2777
Convert -11324 (base 6) to base 8.
-3144
What is 239 (base 11) in base 14?
164
-2110331 (base 4) to base 10
-9533
-12426 (base 8) to base 10
-5398
What is -60 (base 12) in base 5?
-242
-1977 (base 13) to base 15
-11e6
Convert -111120 (base 3) to base 15.
-196
Convert -10102021 (base 3) to base 12.
-1537
What is -21166 (base 7) in base 14?
-1ca6
What is 446 (base 15) in base 4?
33012
10e (base 16) to base 13
17a
Convert 1011110000101 (base 2) to base 9.
8230
What is -141040 (base 5) in base 14?
-2162
-1357 (base 13) to base 6
-20504
Convert 13052 (base 6) to base 7.
5522
Convert 3462 (base 7) to base 14.
669
What is 3001133 (base 4) in base 9?
17878
Convert 115613 (base 8) to base 9.
60553
Convert -9c (base 13) to base 14.
-93
Convert 19b (base 16) to base 10.
411
-124 (base 15) to base 13
-16c
-17278 (base 10) to base 6
-211554
What is 33658 (base 10) in base 4?
20031322
What is 1985 (base 15) in base 10?
5525
What is 22101 (base 5) in base 6?
11022
-170 (base 12) to base 8
-344
-503 (base 10) to base 2
-111110111
Convert -200 (base 12) to base 9.
-350
Convert 10000000101101010 (base 2) to base 14.
1a030
What is -1001001100111 (base 2) in base 7?
-16510
-423 (base 9) to base 5
-2340
-1446 (base 7) to base 12
-3b9
-9853 (base 10) to base 9
-14457
Convert -1100000011001 (base 2) to base 7.
-23662
10011111111 (base 2) to base 7
3505
What is 2147 (base 9) in base 11?
1209
-ac54 (base 14) to base 3
-1111222011
-217 (base 14) to base 9
-508
What is -2490 (base 12) in base 15?
-1360
-1335 (base 13) to base 2
-101010111100
331033 (base 4) to base 5
111134
Convert -1013322 (base 4) to base 12.
-27b6
-4087 (base 9) to base 6
-21511
What is 202010 (base 3) in base 9?
663
1111111 (base 4) to base 2
1010101010101
Convert -75707 (base 8) to base 13.
-11566
Convert -306 (base 8) to base 10.
-198
Convert e379 (base 15) to base 12.
23973
Convert -563 (base 8) to base 7.
-1040
1575 (base 12) to base 9
3428
Convert -100001 (base 3) to base 10.
-244
What is 22100220 (base 3) in base 16?
17d3
Convert 432130 (base 5) to base 15.
452a
2c1c (base 14) to base 8
17272
What is 1101001100 (base 2) i